the remainder when 1657596 is divided by 37?
33
What is the remainder when 8056 is divided by 4027?
2
What is the remainder when 6315307 is divided by 284?
283
Calculate the remainder when 6962 is divided by 6.
2
Calculate the remainder when 32905 is divided by 11.
4
What is the remainder when 2424 is divided by 2?
0
Calculate the remainder when 377076 is divided by 40.
36
Calculate the remainder when 4180 is divided by 148.
36
Calculate the remainder when 12975 is divided by 6428.
119
What is the remainder when 251855 is divided by 159?
158
What is the remainder when 8624 is divided by 8331?
293
Calculate the remainder when 246 is divided by 16.
6
What is the remainder when 11943 is divided by 2386?
13
Calculate the remainder when 5546 is divided by 398.
372
Calculate the remainder when 186537 is divided by 221.
13
What is the remainder when 10251 is divided by 2800?
1851
Calculate the remainder when 5232 is divided by 193.
21
What is the remainder when 154274 is divided by 35?
29
What is the remainder when 15022 is divided by 32?
14
Calculate the remainder when 20775 is divided by 10386.
3
Calculate the remainder when 2478 is divided by 2426.
52
Calculate the remainder when 53276 is divided by 86.
42
Calculate the remainder when 2882 is divided by 77.
33
Calculate the remainder when 1209 is divided by 1188.
21
What is the remainder when 1814 is divided by 179?
24
What is the remainder when 130335 is divided by 43444?
3
What is the remainder when 59772 is divided by 3735?
12
What is the remainder when 5404 is divided by 5245?
159
What is the remainder when 107237 is divided by 477?
389
Calculate the remainder when 29339 is divided by 24.
11
What is the remainder when 7673 is divided by 6?
5
Calculate the remainder when 205206 is divided by 72.
6
Calculate the remainder when 89306 is divided by 1102.
44
Calculate the remainder when 10195 is divided by 106.
19
What is the remainder when 12093 is divided by 1102?
1073
What is the remainder when 81789 is divided by 213?
210
What is the remainder when 22751 is divided by 22721?
30
What is the remainder when 15243 is divided by 625?
243
What is the remainder when 29826 is divided by 3300?
126
Calculate the remainder when 15965 is divided by 347.
3
Calculate the remainder when 809 is divided by 203.
200
What is the remainder when 209436 is divided by 224?
220
What is the remainder when 15611 is divided by 9?
5
Calculate the remainder when 13289 is divided by 46.
41
Calculate the remainder when 73575 is divided by 1008.
999
What is the remainder when 5178299 is divided by 10?
9
What is the remainder when 11564 is divided by 1445?
4
What is the remainder when 31038 is divided by 398?
392
Calculate the remainder when 59020 is divided by 172.
24
Calculate the remainder when 122091 is divided by 280.
11
What is the remainder when 468 is divided by 331?
137
What is the remainder when 33523 is divided by 42?
7
What is the remainder when 2103 is divided by 949?
205
What is the remainder when 252578 is divided by 391?
383
What is the remainder when 1201508 is divided by 52?
48
What is the remainder when 148379 is divided by 44?
11
What is the remainder when 128513 is divided by 360?
353
Calculate the remainder when 17194 is divided by 27.
22
What is the remainder when 79965 is divided by 1052?
13
What is the remainder when 1302434 is divided by 3289?
3279
Calculate the remainder when 517405 is divided by 9077.
16
Calculate the remainder when 8089 is divided by 350.
39
What is the remainder when 1317 is divided by 1160?
157
Calculate the remainder when 1809792 is divided by 8.
0
Calculate the remainder when 304577 is divided by 46.
11
What is the remainder when 39036 is divided by 379?
378
What is the remainder when 68164 is divided by 1481?
38
Calculate the remainder when 728196 is divided by 662.
658
Calculate the remainder when 2082 is divided by 97.
45
What is the remainder when 3833 is divided by 27?
26
What is the remainder when 41112 is divided by 38?
34
Calculate the remainder when 174 is divided by 35.
34
Calculate the remainder when 47026 is divided by 391.
106
Calculate the remainder when 209232 is divided by 466.
464
Calculate the remainder when 3503 is divided by 357.
290
What is the remainder when 6356 is divided by 39?
38
What is the remainder when 28494 is divided by 7121?
10
Calculate the remainder when 16033 is divided by 667.
25
What is the remainder when 8948 is divided by 710?
428
Calculate the remainder when 8043 is divided by 230.
223
Calculate the remainder when 205153 is divided by 102571.
11
Calculate the remainder when 123445 is divided by 13715.
10
What is the remainder when 4167 is divided by 68?
19
Calculate the remainder when 3373 is divided by 139.
37
What is the remainder when 44138561 is divided by 13?
12
What is the remainder when 3053 is divided by 1011?
20
What is the remainder when 59716 is divided by 1809?
19
Calculate the remainder when 4406 is divided by 567.
437
Calculate the remainder when 3820 is divided by 207.
94
Calculate the remainder when 19582 is divided by 166.
160
What is the remainder when 3090 is divided by 163?
156
Calculate the remainder when 9178 is divided by 39.
13
What is the remainder when 4555 is divided by 191?
162
What is the remainder when 1084382 is divided by 2327?
0
What is the remainder when 173089 is divided by 82?
69
Calculate the remainder when 7004 is divided by 1748.
12
What is the remainder when 444 is divided by 95?
64
What is the remainder when 1191 is divided by 4?
3
What is the remainder when 7672 is divided by 257?
219
Calculate the remainder when 6390 is divided by 612.
270
What is the remainder when 3817 is divided by 333?
154
What is the remainder when 216239 is divided by 106?
105
Calculate the remainder when 7197 is divided by 16.
13
What is the remainder when 494796 is divided by 285?
36
What is the remainder when 377084 is divided by 26934?
8
What is the remainder when 47521 is divided by 21?
19
What is the remainder when 987 is divided by 283?
138
Calculate the remainder when 3178 is divided by 535.
503
What is the remainder when 5955 is divided by 887?
633
What is the remainder when 3810 is divided by 476?
2
What is the remainder when 1758 is divided by 1693?
65
What is the remainder when 1671364 is divided by 41?
40
What is the remainder when 3226 is divided by 537?
4
Calculate the remainder when 702 is divided by 117.
0
Calculate the remainder when 1517 is divided by 13.
9
Calculate the remainder when 1142 is divided by 192.
182
Calculate the remainder when 4686 is divided by 465.
36
What is the remainder when 899 is divided by 182?
171
What is the remainder when 644 is divided by 197?
53
What is the remainder when 56708 is divided by 20?
8
Calculate the remainder when 23502 is divided by 23405.
97
What is the remainder when 4761 is divided by 1404?
549
Calculate the remainder when 1089 is divided by 92.
77
What is the remainder when 2033 is divided by 290?
3
Calculate the remainder when 70026 is divided by 54.
42
What is the remainder when 16164 is divided by 137?
135
Calculate the remainder when 382 is divided by 2.
0
Calculate the remainder when 943763 is divided by 48.
35
Calculate the remainder when 63609 is divided by 3347.
16
What is the remainder when 1494881 is divided by 94?
93
Calculate the remainder when 5443 is divided by 61.
14
Calculate the remainder when 26936 is divided by 6.
2
What is the remainder when 2878 is divided by 163?
107
Calculate the remainder when 18499 is divided by 20.
19
What is the remainder when 5978914 is divided by 305?
304
What is the remainder when 8125 is divided by 325?
0
Calculate the remainder when 12722 is divided by 20.
2
What is the remainder when 169289 is divided by 58?
45
Calculate the remainder when 30807 is divided by 10222.
141
Calculate the remainder when 9546 is divided by 328.
34
What is the remainder when 499051 is divided by 46?
43
Calculate the remainder when 462 is divided by 73.
24
What is the remainder when 3849528 is divided by 861?
858
Calculate the remainder when 3543 is divided by 145.
63
Calculate the remainder when 2171 is divided by 68.
63
What is the remainder when 6212 is divided by 479?
464
Calculate the remainder when 6532 is divided by 551.
47